z be (9 - 12) + -8 + 209. Calculate the highest common divisor of z and 45.
9
Suppose 4*z + 4*c - 32 = 0, -5*z + 23 = c - 5. Suppose -5*j = -2*l + 6*l - 13, 2*l = -3*j + 9. Calculate the greatest common factor of j and z.
5
Let x(l) = -5*l + 1. Let s be x(-3). Suppose 3*h - 3 = 3. Suppose -h*d + 48 = -4*i, d + 72 = 4*d + i. Calculate the greatest common factor of d and s.
8
Let i(u) = 4*u. Let n be i(-1). Let q be (-170)/17*n*2. Calculate the greatest common factor of 10 and q.
10
Let g = 997 - 620. Calculate the greatest common factor of 29 and g.
29
Let g(x) = 6*x**2 - 82*x + 12. Let t be g(17). What is the highest common factor of 55 and t?
11
Suppose -c + 3*t = -111, 5*c = 3*t + 670 - 55. Let g = -9 - -23. What is the greatest common factor of c and g?
14
Let a = -46 - -89. Let d be (-2)/(-4)*(3 + a). What is the greatest common divisor of 23 and d?
23
Let f = 146 + -123. Calculate the highest common divisor of 1909 and f.
23
Let q be 3/(-9) - (-872)/24. Let f be 3/(-2)*(-2)/(-1). Let n be 1/(f/(-36)) - 0. Calculate the highest common divisor of n and q.
12
Let v be 6/(-5)*3145/(-111). Calculate the highest common divisor of v and 136.
34
Let y be 0 + -1 + 5 + -13. Let h = 14 + y. Let p(i) = -i**2 + 9*i + 4. Let n be p(h). Calculate the highest common factor of 8 and n.
8
Suppose z + 4*y - 12 = -z, 4*z + 4*y = 44. Let k be (-12 + 11)/((-1)/z) - 0. Calculate the highest common factor of 8 and k.
8
Let m(i) = -i**3 - 8*i**2 + 29*i - 7. Let k be m(-12). Calculate the greatest common factor of 17 and k.
17
Let p(o) = 6*o**2 - 7*o + 5. Let n be p(6). Suppose 1 + n = 3*t. What is the highest common factor of 24 and t?
12
Suppose 5*d - 46 = 2*j, 2*d = 4*d + 4*j - 28. Suppose -4*i - d = 2*a, a + 2*a - 13 = i. What is the greatest common factor of a and 12?
3
Let z(h) = -7*h**2 + 2*h - 7. Let i(s) = -3*s**2 + s - 3. Let x(v) = 13*i(v) - 6*z(v). Let u be x(3). What is the highest common factor of 363 and u?
33
Let w(r) = 6*r**2 + 12*r - 77. Let u be w(5). What is the highest common factor of u and 95?
19
Let n(r) = 11*r**2 + 6*r + 9. Let u be n(-3). Calculate the highest common factor of u and 120.
30
Let l = 6 + -4. Suppose -5*u + d + 23 = 0, 4*u - 9 - 1 = 5*d. Let m = u - l. Calculate the highest common divisor of 9 and m.
3
Suppose 0 = -l - 21 + 71. Suppose -3*j = 5*k - 27, -2*k = -4*j + 6 + 4. Suppose 12 = k*a - 48. What is the highest common factor of a and l?
10
Let x be (0 + 3)/(6/50). Let d = x + -20. Suppose r - d*r = -56. What is the greatest common divisor of r and 126?
14
Let a = -531 + 372. Suppose 2*z = -3*u - 830, -u - 28*z = -29*z + 275. Let b = a - u. Calculate the greatest common factor of 13 and b.
13
Let g(r) = -5*r**3 + r**2 + r. Let i(b) = b + 8. Let n be i(-9). Let d be g(n). Suppose -3*f - d = -41. Calculate the greatest common factor of f and 12.
12
Let g(t) = -41*t - 7. Let m(i) = 204*i + 36. Let c(h) = 21*g(h) + 4*m(h). Let a be c(-3). Calculate the highest common divisor of a and 12.
12
Let g be 171/19*40/6. Let o(m) = -m**3 + 7*m**2 + 2*m - 2. Let h be o(3). What is the greatest common divisor of h and g?
20
Let n(j) = j**2 - 27*j + 164. Let c be n(9). Suppose 1 = m + 3*o, 5*m + 0*o = -o + 19. What is the highest common divisor of m and c?
2
Let q = -715 + 733. Calculate the highest common factor of 264 and q.
6
Suppose 2*a + 5*l + 280 = 7*a, -10 = -5*l. What is the greatest common factor of a and 145?
29
Suppose 5*q - 4*u = 185, -3*u = -4*q + 65 + 82. What is the highest common factor of q and 9?
3
Let t be (-620)/(-3) + (-10)/(-3) + -2. Let s be 195/6*(-8)/(-10). What is the highest common divisor of s and t?
26
Let h(v) = 25*v - 8. Let r be h(9). Suppose -2*o - 14 = -76. What is the greatest common factor of o and r?
31
Let b(t) be the second derivative of t**3/2 - 2*t**2 + t. Let z(h) = h + 20. Let g be z(-14). Let n be b(g). What is the highest common divisor of 126 and n?
14
Let q(y) = -y**3 - 3*y**2 + y + 7. Let s be q(-3). Let g(c) = -c**3 + 4*c**2 + 2*c + 1. Let u be g(s). Calculate the highest common factor of 45 and u.
9
Let s(d) = -d**2 - d + 12. Let q be s(5). Let m be (q/(-45) - (-56)/10)*6. Calculate the greatest common divisor of 108 and m.
36
Let u(w) be the first derivative of w**2/2 + 11*w + 27. Let r be u(5). Calculate the highest common factor of 8 and r.
8
Let b be (24/16)/((-3)/(-10)). Suppose -b*c = c - 42. Let a(k) = -16*k + 1. Let t be a(-3). What is the highest common divisor of t and c?
7
Let l = -42 - -62. Let m(i) = 6*i**2 + 55*i + 19. Let t be m(-11). Calculate the greatest common factor of l and t.
20
Suppose -l + 88 = 20. Suppose 28 - 117 = -2*c - s, -4*c = 5*s - 169. Let i = l - c. What is the greatest common divisor of i and 44?
22
Let v(g) = 2*g**3 - 8*g + 10. Let s be v(5). What is the greatest common divisor of 132 and s?
44
Let z be 65/(-520) - -7*2606/16. What is the greatest common factor of 60 and z?
60
Let b(c) = c**3 + 8*c**2 - 6*c + 31. Let n be b(-9). What is the greatest common divisor of n and 8?
4
Let a = 18 + -7. Suppose 45*b - 296 - 199 = 0. What is the greatest common divisor of b and a?
11
Suppose -2*p - 332 = -5*i + 116, -2*p + 362 = 4*i. Let f(g) = -g**2 + 36. Let v be f(0). What is the highest common factor of v and i?
18
Suppose -3*m - 2*m + 0*m = 0. Suppose m*x + 64 = 5*c + x, 0 = 3*x + 3. Let v be 52/(-6)*(-165)/22. Calculate the highest common factor of c and v.
13
Let v = 14 - 10. Suppose v*x - 77 = 111. Let o = x + 61. What is the highest common divisor of 12 and o?
12
Let w be 2 + (687/(-6))/(1/(-2)). Suppose 4*q + 5 - 137 = 0. What is the highest common factor of w and q?
33
Let x = -2202 - -2215. What is the greatest common divisor of x and 169?
13
Suppose -5*l + 68 = -4*w, -2*l + 3*w = 5 - 35. What is the highest common factor of l and 42?
6
Let f = 706 - 139. What is the highest common divisor of 18 and f?
9
Suppose 5*v - 277 - 78 = 0. Suppose 2*i + 2*i + 109 = 5*s, 0 = -3*s + i + v. Calculate the greatest common factor of s and 25.
25
Let s(l) = -l**2 - 4*l - 3. Let f be s(-6). Let h(r) = -5*r + 66. Let g be h(15). Let j = g - f. Calculate the greatest common factor of 12 and j.
6
Let s(i) = -i**2 - 3*i + 3. Let x be s(-3). Suppose 95 = x*p + 47. Calculate the highest common divisor of 32 and p.
16
Let g(r) = -2*r**2 - 47*r - 179. Let a be g(-5). Calculate the greatest common factor of 81 and a.
3
Let f(n) = -n**2 + 2*n + 7. Let j be f(0). Let i be 21/12 + j/28. What is the greatest common divisor of 6 and i?
2
Let x(y) = -y + 12. Let r be x(8). Let n = 252 + -218. Suppose -r*h + 274 - n = 0. Calculate the highest common divisor of h and 15.
15
Let n(j) = -9*j - 147. Let z be n(-18). Suppose -2*a = 3*a - 90. Suppose -v - 2*v + a = 0. What is the highest common divisor of v and z?
3
Let r be -48*250/20*(-2)/4. Suppose 0*u = 10*u - r. What is the greatest common factor of 70 and u?
10
Let z be 0 + 0 + 1*6. Suppose -t + z = -3. Suppose -6*b + b + 5*i + 160 = 0, 0 = 2*b + i - 49. Calculate the highest common factor of t and b.
9
Suppose -2*s = 2*s. Suppose a + z = -8, a - 5*z = -s*a + 22. Let p be -4 + (a - -4)*25. Calculate the highest common divisor of p and 3.
3
Let o(x) = -x**2 - x + 8. Let q be o(0). Let i be (-81)/(-135)*-5*3. Let b(n) = -n**2 - 8*n + 10. Let k be b(i). What is the highest common divisor of q and k?
1
Suppose -z - 84 + 353 = 0. Let k = -191 + z. Suppose 0*y + k = 3*y. What is the highest common factor of 13 and y?
13
Let k be (-110)/25 + 4 - 202*7/(-35). Let f(u) = 20*u. Let y be f(4). Calculate the highest common divisor of k and y.
40
Let w(k) = -k + 1. Suppose 3*t = -0*t - 21. Let q be w(t). Let f be 15 + 1 - (-37 - -33). Calculate the greatest common divisor of q and f.
4
Let l(i) = 2*i**2 + i + 7. Let f be l(-5). Let m = f - 19. Calculate the greatest common divisor of 11 and m.
11
Let w = 4 + -1. Suppose 0 = w*f - 3 - 6. Let b be (-6)/9 - (-272)/f. What is the highest common factor of b and 15?
15
Let n be 4/6*(735 + -108). What is the highest common divisor of n and 22?
22
Let c be 93*((4 - 4) + -1)*1. Let o = 102 + c. What is the highest common divisor of o and 72?
9
Let o be (234/(-24))/((-6)/16). Let s = 24 + 15. What is the greatest common divisor of s and o?
13
Let d be (52/(-3))/(20/(-90)). What is the greatest common